*m - 13 = 0. Let g = 50 - t. What is the remainder when g is divided by 18?
15
Suppose -2*y + 8*y = 66. Suppose 149 = 3*h + 23. Calculate the remainder when h is divided by y.
9
Let z(v) = 4*v + 3. Let w = -21 - -48. Calculate the remainder when w is divided by z(3).
12
Let l = 19 + -1. Calculate the remainder when l is divided by ((-3)/(-6))/((-2)/(-28)).
4
What is the remainder when 48 - ((-12)/66 + 9/(-11)) is divided by 17?
15
Suppose -16*q + 114 = -13*q. Suppose 0 = -g - 4 - 5. What is the remainder when q is divided by 39/g*3/(-1)?
12
Let b(d) = -3*d + 18. Suppose 39 = 5*p - 41. Calculate the remainder when b(-4) is divided by p.
14
Let g(m) = 3*m**3 - 5*m**2 + 2*m + 3. What is the remainder when g(3) is divided by 12?
9
Let j(i) = i**3 - 4*i**2 - 6*i + 5. Let a be j(5). Suppose a = -o - 1 + 12. Let y(m) = -6*m + 3. What is the remainder when y(-3) is divided by o?
10
Suppose -4*r - j = -5, -3*j - 1 = r - 2*j. Let q be ((-12)/9)/(r/(-3)). What is the remainder when 26 is divided by q/4*9*2?
8
Suppose 0 = t + t + 10, 5*x = -t + 130. What is the remainder when 52 is divided by x?
25
What is the remainder when 54/21 - (-6)/14 is divided by 1?
0
Let p(q) = -2*q**2 - 9*q + 1. Let f(d) = d**2 - 3*d + 3. What is the remainder when p(-4) is divided by f(3)?
2
Let l(z) = -10*z + 5. Let p(j) = -5*j + 2. Let i(d) = -2*l(d) + 5*p(d). Calculate the remainder when i(-2) is divided by -12*(-4)/(-1 - -9).
4
Suppose -2*h - 5*u + 43 = -2*u, 3*h + 3*u - 63 = 0. What is the remainder when 32 is divided by h?
12
Suppose 2*i - 5*s - 61 = -0*s, 3*i + s - 117 = 0. Calculate the remainder when i is divided by 10.
8
Suppose 2*m + m = 18. Let d = 16 - m. Let o(l) = 19*l**3 - l**2. What is the remainder when o(1) is divided by d?
8
Let h = 66 + -60. Calculate the remainder when 27 is divided by h.
3
Let u(j) = -5*j**3 - 3*j**2 - j - 2. What is the remainder when u(-2) is divided by 122/8 + 11/(-44)?
13
Suppose -c - 4*b = -4*c + 20, 5*c - 76 = -4*b. What is the remainder when 33 is divided by c?
9
Suppose -3*b + 3 = -0*r - 5*r, -b - 3*r - 13 = 0. What is the remainder when 12 is divided by 21/(-2)*b/6?
5
Suppose -5*m + 2*o = 0, 4*m + 2*o = 4*o + 2. Let x = m - -2. Suppose z + 0*z - 4 = x. Calculate the remainder when 6 is divided by z.
2
Let d(r) = -r**2 - 13*r - 7. Let y be d(-13). Let k be 2/(-4) + 9/2. Let w = k - y. What is the remainder when 31 is divided by w?
9
Suppose 5*k = 4*w - 87 - 33, 148 = 4*w + 2*k. Suppose 4*u - a = 53, 3*u - 3*a = -2*u + 75. What is the remainder when w is divided by u?
11
Let o(q) = 5*q**2 + 3*q - 2. Let w be o(-3). Suppose -3*j + w + 86 = 0. What is the remainder when j is divided by 21?
19
Let b(m) = 4*m - 1. Let h be b(2). Suppose -8*o - h = -9*o. Calculate the remainder when 32 is divided by o.
4
Calculate the remainder when 20 is divided by ((-14)/(-5))/((-10)/(-25)).
6
Calculate the remainder when 79 is divided by 15*(1 - 3/(-9)).
19
Suppose 45 = 2*o + 3*o. Suppose 0*r + 3*r = -12. Calculate the remainder when ((-150)/12)/(2/r) is divided by o.
7
Suppose 4*s - 18 - 18 = 0. Suppose -8*x - 90 + 274 = 0. Calculate the remainder when x is divided by s.
5
Suppose 0 = 3*b - 3*m + 26 + 16, 2*b + 35 = -5*m. Let x = 43 + b. What is the remainder when x is divided by 10?
8
Let r(n) = n**2 - 4*n + 4. Let m be r(4). Suppose -2*i + 24 = -m*f, -f + 4 = 2*i - 5. Let h(o) = 9*o**2 + 1. What is the remainder when h(-1) is divided by i?
4
Let w = -10 - -15. Suppose 0 = 5*h - 5*u - 30, 0*h - h - 4*u + 11 = 0. Suppose -w*p + 3 = -h. What is the remainder when p is divided by 2?
0
Suppose j + 4 = 5. What is the remainder when 6 is divided by j?
0
Suppose -3*y + 63 = 3*k, -y - 2*k = -22 - 4. Let z = -10 + y. Calculate the remainder when 27 is divided by z.
3
Let x be ((-8)/5)/((-8)/20). Suppose -x*j = -j - 27. Suppose -4*h - 31 + 131 = 0. Calculate the remainder when h is divided by j.
7
Let n be 14/42*(1 + 74). Let m = -31 + 15. Let h = m + n. What is the remainder when 26 is divided by h?
8
Suppose 44 = x + x. What is the remainder when x is divided by 12?
10
Let i = -14 + 23. Calculate the remainder when (1 - (-62)/(-10))/(7/(-35)) is divided by i.
8
Suppose 45*n + 168 = 49*n. What is the remainder when n is divided by 11?
9
Calculate the remainder when -2 + 5 + 68 + 0 is divided by 13.
6
Suppose -125 = -4*c - 49. What is the remainder when 74 is divided by c?
17
Suppose -2*j + 3*j = 21. Calculate the remainder when 52 is divided by j.
10
Let m = 4 + 3. Let b be (1 + 10)*1/(-1). Calculate the remainder when (b/(-1) - -1)*1 is divided by m.
5
Let a = 153 + -151. Calculate the remainder when 7 is divided by a.
1
Let m = 38 - 26. Let z(d) = -d**2 + d + 2. Let o be z(2). Suppose 4*f = o, -f = -2*u + f + 14. What is the remainder when m is divided by u?
5
Calculate the remainder when (75/(-4) - 2)*-4 is divided by 42.
41
Calculate the remainder when 180/120 - (14/(-4) + -1) is divided by 8/(-6)*(-9)/6.
0
Let o be ((-22)/(-8))/(2/8). Suppose 2*r + 3 = o. What is the remainder when 7 is divided by r?
3
Let g(c) be the first derivative of -2*c**2 - 4. What is the remainder when g(-1) is divided by 2?
0
Let r = -89 + 153. Calculate the remainder when r is divided by 13.
12
Suppose 5*a - 5*o = 110 + 70, 4*a - 174 = -2*o. Calculate the remainder when a is divided by 21.
20
Let w(p) = p**3 + 16*p**2 + 14*p - 13. Let d be w(-15). What is the remainder when 21 is divided by 2 + 5 + (d - 3)?
3
Suppose 37 = 3*b + 5*f, 3*b + f - 65 = 3*f. Suppose -19 = -2*h + b. What is the remainder when 36 is divided by h?
17
Let r(u) = -u**2 + 6*u + 2. Let g be 10/(-6) + 2/3. Let v = 4 + g. Calculate the remainder when r(5) is divided by v.
1
Let i(v) = 4*v**2 - 2*v + 1. Let b be i(-3). Suppose -3*u - 15 = 0, 4*u - b = -5*c + 52. What is the remainder when c is divided by 6?
5
Let g be 0 + 0 + 1 + 1. Suppose -g*j = -0*j. Suppose j = 7*l - 3*l - 56. What is the remainder when 41 is divided by l?
13
Let g = 32 + -6. What is the remainder when g is divided by 7?
5
Calculate the remainder when ((-5)/(-4))/((-3)/(-12)) is divided by 4.
1
Suppose -2*i + 3*z + 22 = 2*z, -3*i = -z - 31. Suppose -3*x = -0 - 18. Calculate the remainder when i is divided by x.
3
Let d = 8 - -40. Calculate the remainder when d is divided by 17.
14
Let r be -3*(12/9 - 3). Suppose 3*p + 0*p + 7 = 2*o, -r*o = 4*p - 52. What is the remainder when o is divided by 3?
2
Let m(x) = -2*x + 3. Let u be m(1). Let o be -2 + -1*2 + 22. What is the remainder when 1/((1/o)/u) is divided by 10?
8
Suppose 3*c - 3*z - 166 = -5*z, -3*c - 5*z = -181. Calculate the remainder when c is divided by 18.
16
Let g(x) = 3 + 3 - 3*x + x. Let t be g(-6). Suppose -2*j + j + t = 0. Calculate the remainder when j is divided by 10.
8
Let z be (4 + -3)/((-2)/(-14)). Suppose -3*w - 84 = -z*w. What is the remainder when 82 is divided by w?
19
Suppose 3*k - 147 = -0. Let v(i) = -i**3 - 9*i**2 - 7*i + 9. Let p be v(-8). Calculate the remainder when k is divided by 12 - (2 - (2 + p)).
10
Let c be 9*1/(-3)*1. Let p be c/((-6)/(-4)) + 5. Suppose 12 = r + p*r. What is the remainder when 11 is divided by r?
2
Suppose 4 + 3 = o. What is the remainder when o is divided by 5?
2
Let n(p) = -p + 36. Let r be n(0). Suppose 0 = d - 4*d + r. What is the remainder when 42 is divided by d?
6
Suppose 2*w + 34 = 4*l, -24 = -3*l + 2*w + 1. What is the remainder when (-5)/((-1 + 0)*4/28) is divided by l?
8
Let o = -15 + 18. What is the remainder when 7 is divided by o?
1
Let m(h) = 16*h + 5. Let a be m(4). Suppose 3*f - 2*x - 16 = 28, -3*f - 3*x = -a. Calculate the remainder when 52 is divided by f.
16
Let j(k) = k**3 + k**2 - 6*k. Let q(c) = c**2 + c + 1. Let n(t) = j(t) + 3*q(t). Calculate the remainder when n(3) is divided by 15.
12
Let r(a) = 2*a - 11. Calculate the remainder when 49/2 + (-3)/(-6) is divided by r(10).
7
Suppose 0 = -5*q + 150 + 15. Calculate the remainder when 63 is divided by q.
30
Suppose -256 = -8*x - 0*x. What is the remainder when x is divided by 18?
14
Let f be (-933)/(-12) - 2/(-8). Let y(p) = -2*p + 3. What is the remainder when f/9*3 + -1 is divided by y(-3)?
7
Let a(x) = x**2 - x - 1. What is the remainder when 34 is divided by a(-4)?
15
Suppose 0 = 6*i - 147 + 57. What is the remainder when i is divided by 6?
3
Suppose 2*w +